 the remainder when d is divided by 3?
2
Let y(d) = d**3 - 13*d**2 - 3*d + 42. Let n be y(13). Suppose n*g - 14 = 4. What is the remainder when 17 is divided by g?
5
Let g(t) = -2*t**3 + 11*t**2 + 13*t - 8. Calculate the remainder when 6/(-3) - (-78 - -1) is divided by g(-2).
23
Suppose -10 = -5*g, 2*g + g + 204 = 2*d. Suppose 4*h = -5*p + 670, 0 = -h + 4*p + 52 + d. Calculate the remainder when 2/(-11) - (-7455)/h is divided by 12.
9
Suppose 46*u - 3728 = -324. Calculate the remainder when 97 is divided by u.
23
Suppose 2*y - 3*y = -85. Suppose -2*d = 5*k - 147, -4*d + 8 - 4 = 0. Calculate the remainder when y is divided by k.
27
Calculate the remainder when 70 is divided by ((-550)/(-165))/(2/27).
25
Let j = 49 + -44. Calculate the remainder when 35 is divided by (4/j)/(10/150).
11
Let f be (-3)/15 - 78/(-15). Suppose 20 = f*i - 0. What is the remainder when 25 is divided by i?
1
Suppose 101*p = 96*p + 2280. Suppose 11*q - p = 138. Let a = 27 + -13. Calculate the remainder when q is divided by a.
12
Let g = 119 + -115. Suppose 0 = -3*m - g*m + 623. Calculate the remainder when m is divided by 30.
29
Let a be (60/50)/(3/10). Suppose -29 - 1 = -5*c. Suppose 0 = -3*b + c, a*p = b + 87 + 83. What is the remainder when p is divided by 11?
10
Let t(b) = -b**3 - 11*b**2 - 2*b. Let c be t(-8). Suppose -13*v = -22*v + 333. What is the remainder when v is divided by 2/9 - c/18?
7
Suppose 5*u = 208 + 52. Suppose -8*v + 670 - 582 = 0. What is the remainder when u is divided by v?
8
Let m(t) = -t**3 + 36*t**2 + 5*t - 13. What is the remainder when m(36) is divided by 14?
13
Suppose -5*l - 32*v + 2869 = -36*v, 4*v = -2*l + 1142. Calculate the remainder when l is divided by 41.
40
Suppose -14*z = -64*z + 1950. Calculate the remainder when 119 is divided by z.
2
Let i = -19 + 16. Let v = 4 - i. What is the remainder when (-326)/(-8) + (-18)/24 is divided by v?
5
Let b(j) = 2*j**2 - 120*j + 117. Calculate the remainder when b(66) is divided by 19.
16
Suppose -3*x = 2*x - 20. Calculate the remainder when ((-63)/(-35))/((-3)/(-10)) is divided by x.
2
Suppose 2*h - 106 = k - 6*k, 5*k = 20. Calculate the remainder when h is divided by 13.
4
Let m(c) = -c**3 + 12*c**2 - 4*c - 10. Let n be m(11). Suppose -2*s - 2*y + 12 = -30, 0 = 2*s - 3*y - n. Calculate the remainder when s is divided by 10.
6
What is the remainder when ((-2)/(1 - 3))/(9/513) is divided by 6?
3
What is the remainder when ((-4)/8)/(3 - 1443/480) is divided by -2*1 + (39 - 9)?
24
Let u(k) = 123*k + 13. Calculate the remainder when u(1) is divided by 44.
4
Suppose 2*k = -10 + 36. Let g = k - 5. Let w = g + 0. Calculate the remainder when w is divided by 5.
3
Let r(f) = -34*f. Calculate the remainder when r(-6) is divided by 35.
29
Suppose -3*p - 6004 = -22*p. Suppose -17*x + p = 10. Calculate the remainder when x is divided by 11.
7
Let y(g) = -8*g - 24. What is the remainder when 220 is divided by y(-5)?
12
Let v = 565 - 374. Let x = -143 + v. What is the remainder when x is divided by 20?
8
Let t(g) = 29*g + 464. What is the remainder when 314 is divided by t(-15)?
24
Suppose -3*l + 4*d = -91, 9*d - 5*d = -16. Calculate the remainder when 98 is divided by l.
23
Let m(r) = r + 2. Let v be m(4). Suppose -8 = -c + 3*j, c = v*c - 2*j - 92. Calculate the remainder when 97 is divided by c.
17
Suppose 3*l - 25 = 2*d, 25 = 4*l - 2*d - 11. Let w(m) = m**2 - 7*m - 10. Let j be w(l). Let k = j - 8. Calculate the remainder when k is divided by 14.
12
Let r(q) = -2*q**2 + 17*q. Let u(j) = 2*j**2 + 41*j + 28. Let k be u(-20). Calculate the remainder when 44 is divided by r(k).
4
Suppose 0 = -j + 8*j - 91. Suppose 7 = -g + j. What is the remainder when 1 + 18 + (1 - -1) is divided by g?
3
Suppose -2 - 3 = -5*c. Let k(r) = 10*r**2 - r + 1. Let y be k(c). Suppose y = 2*t, 8*t - 3*t - 10 = 5*x. Calculate the remainder when 3 is divided by x.
0
Let f be (2 - 2 - 0)/(-1). Let b = -142 - -92. Let l = f - b. Calculate the remainder when l is divided by 17.
16
Let n(w) = 1 - 2*w + 5*w**2 + 1 + 2*w**2. Let k = 21 + -19. Calculate the remainder when n(k) is divided by 9.
8
Let z(a) = -a + 41. Let l be z(17). Suppose 5*s = 4*q + l - 105, 0 = -2*q - 4*s + 34. What is the remainder when 2/((1/(-18))/(-1)) is divided by q?
17
Let v be 22 + 0 + (0 - (-4 - -5)). Suppose 0 = 2*o + 8, -m + 3*o + v + 44 = 0. What is the remainder when m is divided by 7?
4
Let v be 0/(5 - 1)*1. Suppose -4*u + 3*u + 10 = v. Calculate the remainder when 12 is divided by 84/u + 8/(-20).
4
Suppose 168 = 3*z - 2*r, 56 = 2*z - z + r. What is the remainder when z is divided by 30/(-3) + 4 + 18?
8
Suppose 5*v = -8*v + 5070. Calculate the remainder when v is divided by 28.
26
Suppose -4*v + 16 = 0, -2*u = -3*u + 2*v + 635. Calculate the remainder when u is divided by 46.
45
Let p = -2674 - -2871. What is the remainder when p is divided by 20?
17
Let s = 59 - 28. Let y = -38 + 46. Calculate the remainder when s is divided by y.
7
Let w = 154 - 110. Calculate the remainder when 73 is divided by w.
29
Calculate the remainder when ((-498)/9)/(0 - (-4)/(-18)) is divided by 14.
11
Let n(p) = -74*p**2 + 3*p + 9. Let u be n(3). Calculate the remainder when 23 is divided by 4/14 + u/(-84).
7
Suppose 371 = -13*x + 878. What is the remainder when 245 is divided by x?
11
Let h = -257 - -275. What is the remainder when h is divided by 6?
0
What is the remainder when 135 is divided by ((-427)/122)/(2/(-4))?
2
Calculate the remainder when 2676 is divided by 2163/14*(-14)/(-21).
101
Suppose 4*n - 5*q = 168, -24*q - 156 = -4*n - 22*q. What is the remainder when n is divided by 34?
3
Let l(a) = a**3 - 4*a**2 - 7*a + 7. Let f be l(5). Let j be (546/(-70) - -8) + 84/5. Let u = j + f. Calculate the remainder when 23 is divided by u.
9
Suppose 2*v = 2*j + 14, -4*j - j = 25. Suppose -5*y = 5*w, 0 = -v*w + 4*y - 3*y. Suppose w = -h - 0*h + 14. What is the remainder when 68 is divided by h?
12
Let p be 78/((-2)/5*(-15)/6). Let l = 161 - p. Calculate the remainder when l is divided by 29.
25
Suppose 4*f = -s + 26 - 3, 0 = -4*f - 20. Calculate the remainder when 91 is divided by s.
5
Suppose -2*j + 4*i = -80, -4*j = 3*i - 170 + 10. Suppose 0*r = 5*r - j. Suppose 3*u = 3*y + 21, 2*y = -r - 0. What is the remainder when u is divided by 3?
0
Suppose 3*f - 1 = -2*c + 32, -c - f = -14. Suppose -j = -3*y + j + c, 0 = y - j - 4. Let z = 3 + y. What is the remainder when 4 is divided by z?
0
Suppose 0 = 245*j - 122*j - 1722. Suppose -296 = -5*t - 101. Calculate the remainder when t is divided by j.
11
Let d = 196 + 33. What is the remainder when d is divided by 78?
73
Let m(x) = 91*x + 285. What is the remainder when m(2) is divided by 13?
12
Suppose t - 2*w = 20, 49*w - 44*w - 16 = -3*t. Calculate the remainder when 321 is divided by t.
9
Let j = 796 - 724. What is the remainder when 291 is divided by j?
3
Let j = -88 - -126. What is the remainder when 3 - (-8)/16*292 is divided by j?
35
Let l be (5/10)/(((-7)/118)/(-7)). Let m = l - 49. What is the remainder when 57 is divided by m?
7
Let x = 697 - 663. What is the remainder when x is divided by 12?
10
Let t = -1160 + 1198. What is the remainder when t is divided by 29?
9
Let s = 302 + -290. Let g(m) = -m**3 - 3*m + 4*m - 3*m + 2 - 3 + 7*m**2. What is the remainder when g(6) is divided by s?
11
Let n(i) = i + 1. Let l(v) = v + 15. Let g be l(-12). Let s = g - 1. Calculate the remainder when n(1) is divided by s.
0
Suppose 0 = -i + 18 + 13. Suppose -4*b = -i - 57. Calculate the remainder when 42 is divided by b.
20
Let n(y) = 52*y**2 - 4*y + 3. What is the remainder when n(1) is divided by 5?
1
Let b = -551 + 616. Calculate the remainder when 126 is divided by b.
61
Let r = -10 - -4. Let o be r/(-9) + (-8)/(-6). Suppose 5*b - 44 = -o*m, 5*b = -3*m + 17 + 24. What is the remainder when 28 is divided by b?
8
What is the remainder when (-5 + 1)/(620/314 - 2) is divided by 34?
21
Let i(n) = 2*n + 1. Let a(b) = -b**2 - 33*b + 42. Let u be a(-35). Calculate the remainder when (-6 - u/(-8))*-8 is divided by i(6).
11
Let n(v) be the third derivative of -v**5/30 - 11*v**4/8 - 7*v**3/3 - 23*v**2. Calculate the remainder when n(-13) is divided by 16.
13
Let b(z) = -z**3 - 17*z**2 - 3*z - 31. Let w = -123 + 221. Calculate the remainder when w is 